7, 683, 20147
What are the prime factors of 228020115?
3, 5, 15201341
List the prime factors of 58801863.
3, 797, 24593
List the prime factors of 274480205.
5, 54896041
List the prime factors of 44753499.
3, 7, 107, 2213
List the prime factors of 547861437.
3, 60873493
List the prime factors of 60495646.
2, 317, 95419
List the prime factors of 193082488.
2, 24135311
What are the prime factors of 2594854?
2, 109, 11903
List the prime factors of 3115952297.
139, 22416923
What are the prime factors of 706180235?
5, 141236047
What are the prime factors of 985410174?
2, 3, 7, 23462147
What are the prime factors of 117951751?
23, 5128337
What are the prime factors of 1784724070?
2, 5, 8933, 19979
What are the prime factors of 3881234233?
3881234233
What are the prime factors of 136060205?
5, 27212041
What are the prime factors of 1412364952?
2, 251, 347, 2027
List the prime factors of 1997625.
3, 5, 7, 761
What are the prime factors of 1975916474?
2, 7, 20162413
List the prime factors of 46255501.
73, 283, 2239
List the prime factors of 374599322.
2, 29, 37, 173, 1009
What are the prime factors of 2461613?
7, 11, 4567
List the prime factors of 9930117.
3, 73, 45343
What are the prime factors of 57858394?
2, 11, 2629927
List the prime factors of 94866.
2, 3, 97, 163
List the prime factors of 3165388247.
7, 452198321
What are the prime factors of 2231233782?
2, 3, 17, 619, 35339
List the prime factors of 1507212286.
2, 753606143
What are the prime factors of 1006379985?
3, 5, 13, 5160923
List the prime factors of 2612498372.
2, 11, 83, 715361
List the prime factors of 1031227698.
2, 3, 19, 9045857
What are the prime factors of 23494774?
2, 1621, 7247
What are the prime factors of 1218842061?
3, 15907, 25541
What are the prime factors of 119741147?
191, 626917
What are the prime factors of 22286105?
5, 4457221
What are the prime factors of 261010308?
2, 3, 13, 139, 12037
What are the prime factors of 3908259238?
2, 13, 59, 2547757
What are the prime factors of 582186853?
2683, 216991
List the prime factors of 1560082371.
3, 520027457
What are the prime factors of 56901796?
2, 7, 2032207
List the prime factors of 309533363.
309533363
What are the prime factors of 17720455?
5, 541, 6551
List the prime factors of 43267871.
47, 211, 4363
What are the prime factors of 209913418?
2, 11, 13, 733963
List the prime factors of 1477064247.
3, 419, 1175071
List the prime factors of 310889341.
7, 44412763
List the prime factors of 23652680.
2, 5, 591317
List the prime factors of 374684740.
2, 5, 18734237
List the prime factors of 367905068.
2, 91976267
What are the prime factors of 264964892?
2, 66241223
What are the prime factors of 66808159?
11, 953, 6373
What are the prime factors of 8736232?
2, 17, 64237
List the prime factors of 12193790.
2, 5, 7, 174197
List the prime factors of 1801769774.
2, 7, 3881, 33161
List the prime factors of 720131673.
3, 19, 509, 24821
List the prime factors of 1940925751.
17, 107, 1067029
List the prime factors of 1409468789.
103, 2861, 4783
What are the prime factors of 3306542?
2, 37, 44683
List the prime factors of 128103112.
2, 181, 88469
What are the prime factors of 243957112?
2, 7, 19, 229283
List the prime factors of 344943122.
2, 113, 1526297
What are the prime factors of 30032706?
2, 3, 11, 127, 3583
What are the prime factors of 111303088?
2, 13, 199, 2689
List the prime factors of 70567155.
3, 5, 1568159
What are the prime factors of 70881475?
5, 7, 405037
What are the prime factors of 402467260?
2, 5, 13, 1547951
What are the prime factors of 3293563494?
2, 3, 13, 42225173
What are the prime factors of 60104299?
17, 3535547
What are the prime factors of 1783058967?
3, 66039221
What are the prime factors of 277416349?
7, 29, 43, 61, 521
What are the prime factors of 155036995?
5, 67, 467, 991
What are the prime factors of 317043790?
2, 5, 7, 4529197
List the prime factors of 4989940305.
3, 5, 7, 89, 533969
What are the prime factors of 23012846?
2, 11506423
What are the prime factors of 37456912?
2, 2341057
What are the prime factors of 1007921680?
2, 5, 29, 71, 211
What are the prime factors of 124434645?
3, 5, 17, 487979
List the prime factors of 42874305.
3, 5, 37, 67, 1153
What are the prime factors of 16726553?
37, 167, 2707
What are the prime factors of 196890876?
2, 3, 7, 13, 60101
What are the prime factors of 1191493058?
2, 7, 23, 3700289
What are the prime factors of 158645785?
5, 17, 83, 113, 199
What are the prime factors of 83713987?
7, 137, 87293
What are the prime factors of 73154890?
2, 5, 7315489
What are the prime factors of 5319544776?
2, 3, 7, 13, 2435689
What are the prime factors of 152358069?
3, 431, 117833
List the prime factors of 117702110.
2, 5, 11770211
What are the prime factors of 108177096?
2, 3, 23, 195973
What are the prime factors of 538893048?
2, 3, 19, 827, 1429
What are the prime factors of 3577404097?
67, 53394091
List the prime factors of 38734875.
3, 5, 23, 499
List the prime factors of 170105717.
1087, 156491
List the prime factors of 543363907.
37, 1171, 12541
List the prime factors of 36927777.
3, 12309259
What are the prime factors of 207951115?
5, 653, 63691
What are the prime factors of 872932339?
7951, 109789
List the prime factors of 41561389.
4889, 8501
List the prime factors of 24270258.
2, 3, 19, 212897
What are the prime factors of 143934010?
2, 5, 11, 1308491
What are the prime factors of 239354316?
2, 3, 757, 8783
What are the prime factors of 304715703?
3, 97, 1047133
What are the prime factors of 222009545?
5, 17, 71, 36787
What are the prime factors of 320389537?
13, 1759, 14011
List the prime factors of 69805603.
7, 1321, 7549
What are the prime factors of 2211437786?
2, 1105718893
List the prime factors of 238902619.
238902619
What are the prime factors of 141413107?
11, 499, 25763
What are the prime factors of 599329809?
3, 13, 5122477
What are the prime factors of 31618656?
2, 3, 101, 1087
What are the prime factors of 890836584?
2, 3, 11, 17, 19, 31, 337
What are the prime factors of 2692564911?
3, 8971, 33349
What are the prime factors of 961874633?
83, 11588851
List the prime factors of 148536089.
13, 17, 439, 1531
List the prime factors of 233884385.
5, 7, 17, 393083
What are the prime factors of 69250318?
2, 29, 1193971
List the prime factors of 25127544.
2, 3, 13, 80537
What are the prime factors of 73262814?
2, 3, 2777, 4397
List the prime factors of 32374249.
151, 214399
List the prime factors of 63327435.
3, 5, 4221829
List the prime factors of 1741091020.
2, 5, 163, 534077
List the prime factors of 76148275.
5, 7, 41, 10613
List the prime factors of 16565500.
2, 5, 7, 4733
What are the prime factors of 3884252253?
3, 7, 184964393
List the prime factors of 22360852.
2, 5590213
What are the prime factors of 7526003?
7526003
List the prime factors of 140086644.
2, 3, 31, 376577
What are the prime factors of 29675502?
2, 3, 223, 7393
What are the prime factors of 1076103430?
2, 5, 131, 467, 1759
What are the prime factors of 5093241452?
2, 13, 97946951
List the prime factors of 194604469.
194604469
What are the prime factors of 246392893?
19, 829, 15643
What are the prime factors of 19799469?
3, 2199941
What are the prime factors of 124708173?
3, 3881, 10711
List the prime factors of 287362944.
2, 3, 11, 7559
List the prime factors of 31280375.
5, 7, 5107
What are the prime factors of 482390486?
2, 67, 3599929
List the prime factors of 247478155.
5, 59, 838909
What are the prime factors of 421558991?
7, 877, 68669
List the prime factors of 5442159641.
41, 137, 439, 2207
What are the prime factors of 40033104?
2, 3, 834023
What are the prime factors of 30570251?
37, 239, 3457
What are the prime factors of 40646131?
977, 41603
What are the prime factors of 1645454770?
2, 5, 43, 3826639
What are the prime factors of 6635340228?
2, 3, 11, 3691, 13619
List the prime factors of 138211555.
5, 27642311
List the prime factors of 9324841263.
3, 23, 59, 1289, 1777
List the prime factors of 4828084008.
2, 3, 11, 23, 795139
List the prime factors of 4238366130.
2, 3, 5, 73, 751, 859
List the prime factors of 92796292.
2, 3613, 6421
List the prime factors of 10586607.
3, 379, 9311
List the prime factors of 946284914.
2, 473142457
What are the prime factors of 101